actors of z?
2, 5
Let r = 28 - 11. Suppose -3*t + 7 = -r. List the prime factors of (t/(-5))/(6/(-15)).
2
Let f = -9 + 64. What are the prime factors of f?
5, 11
Let l(b) = 6 + 6*b**3 + b - 7*b**3 + b**2 + 4. List the prime factors of l(0).
2, 5
Let c(y) be the second derivative of -7*y**4/24 - y**3/2 + 2*y**2 - 2*y. Let w(f) be the first derivative of c(f). List the prime factors of w(-3).
2, 3
Let p be (-1)/4 + (-17)/(-4). Let y be 15/p + 2/8. Suppose 36 = y*i - 32. List the prime factors of i.
17
Let y(t) = -2*t**3 - 4*t**2 - 16*t + 2. What are the prime factors of y(-5)?
2, 29
Suppose 5*y - 4 = 6. Suppose -y*i = i - 30. List the prime factors of i.
2, 5
Let d = -424 - -605. List the prime factors of d.
181
Let h = 45 + -27. Suppose -5*x + 0*x - h = -v, 3*x = 0. List the prime factors of v.
2, 3
Let a be (30/(-7))/(2/14). Suppose -3*p - 46 = -1. Let m = p - a. List the prime factors of m.
3, 5
Suppose 6*t + 5*t - 528 = 0. List the prime factors of t.
2, 3
Suppose w + 3*s = 89, -2*w + s + 166 = 4*s. List the prime factors of w.
7, 11
Suppose 1 + 1 = 2*s, 4*u - 5 = 3*s. Suppose -5*o + u*o = -21. Let q(h) = h**2 - 4*h - 2. List the prime factors of q(o).
19
Suppose 5*n + 4 - 14 = 0. Let t = 10 + n. What are the prime factors of t?
2, 3
Let w be 0 - 1/(-1) - -30. Let j = w + -10. Let v = -12 + j. What are the prime factors of v?
3
Let g(l) = l**2 - 9*l - 8. Let j be g(10). What are the prime factors of 5/((1 - j)/(-1))?
5
Let a = -21 - -46. Let o = -19 + a. List the prime factors of o.
2, 3
Let a(s) = 2*s**3 - 5*s**2 + 2*s. Let l(m) = 3*m**2. Let w be (-1)/3 + (-2)/3. Let o be l(w). List the prime factors of a(o).
3, 5
Suppose 2*f + 12 = 4*v, -4 = -v + 2*v + 3*f. Let l be v*(15/6 - 1). Suppose -l*h - 2*b + 58 = 2*h, -47 = -4*h - b. List the prime factors of h.
2, 3
Let v(x) = x - 11. Let w be v(9). Let r(m) = 4*m**2 + 2*m. What are the prime factors of r(w)?
2, 3
Let k(j) = j - 10. Let u be k(10). Let n(c) = 5*c**3 + 0 + u - 2*c**3 + 2*c**2 - 1. What are the prime factors of n(1)?
2
Let t = -217 + 405. Suppose u - 2*f = 42, -t - 82 = -5*u - 5*f. List the prime factors of u.
2, 5
Let f = 308 + -104. List the prime factors of f.
2, 3, 17
Suppose g = -8 + 16. What are the prime factors of g?
2
Suppose 2*d + p - 233 = 0, -d + 26 = 5*p - 86. What are the prime factors of d?
3, 13
Suppose 27 = -2*n + 5*n. Suppose -4*a = -3*k - 15, -2*k + 4 = -a + n. What are the prime factors of a?
3
Suppose 2*s - 3*n - 62 = -0*n, 45 = s + 2*n. What are the prime factors of s?
37
Let j = 26 + -24. What are the prime factors of j?
2
Let z be -2 - -1 - (-9 + 20). Let m = 13 + 8. Let h = z + m. List the prime factors of h.
3
List the prime factors of (-13 - -37)*(-4)/(-6).
2
Let h = 39 + -16. List the prime factors of h.
23
Let z = 6 - -322. What are the prime factors of z?
2, 41
Suppose -w = w - 8. Suppose 35 = w*r + 11. What are the prime factors of r?
2, 3
Let i(n) = 2*n**2 - 1 - 10*n**2 - 2*n + 0*n**2. Let f be i(-1). What are the prime factors of 1/1*-1*f?
7
Let w be ((-1)/(-1))/(1/5). Suppose o - 5*g = -w, 2*o - 2*g + 10 = -5*g. Let x = o - -8. List the prime factors of x.
3
Let q = -3 - -5. Suppose 5*t = q*b + 70, -2*b - 49 - 5 = -4*t. List the prime factors of t.
2
Let f(g) = -4 + 4*g + 3*g**2 + 3 - 2*g**2. Let m be f(-5). Suppose -3*o + 49 = o + 5*p, -m*o + 48 = 4*p. What are the prime factors of o?
11
Let p = 9 - 5. Suppose 4*l + p - 12 = 0. What are the prime factors of l/((2/10)/1)?
2, 5
Let b = 6 + -4. Suppose -b*f + 0 = -2. What are the prime factors of (f - (3 + -1))*-9?
3
Let d(a) = -9*a. Let t(g) = -17*g. Let b(m) = -5*d(m) + 3*t(m). Let j be b(-4). Suppose -r = 3*c - j, 4*r + 3*c - 64 = 7*c. What are the prime factors of r?
2, 3
Let l = 2 - -1. Let o = 46 - -4. Suppose -2*q + o = l*q. List the prime factors of q.
2, 5
Suppose 22 = 3*l - 50. Suppose l = 3*w - 2*x - 3, -4*x = -4*w + 32. List the prime factors of w.
11
Suppose 5*u = 12 - 37. Let p = u - -8. What are the prime factors of p?
3
Let z be (-214)/(-6) - 5/(-15). Suppose q = -q + z. What are the prime factors of q?
2, 3
Let b be ((-340)/6)/(22/(-33)). Let o = b - 48. What are the prime factors of o?
37
Suppose p = -4*f + 6, -2*p + f + 5 = 2*f. Suppose -3*o = -p*o - 5. List the prime factors of o.
5
Let z(t) = -t**3 + 4 + 2*t + 1 + 0*t**3 - 2*t**2. What are the prime factors of z(-4)?
29
Suppose -8 = -3*t - 158. List the prime factors of (2 + t/6)*-3.
19
Suppose -2*q - 3*q + 2*j = -520, j + 207 = 2*q. What are the prime factors of q?
2, 53
Suppose -y + 6*y - 15 = 0. Let n = 22 - y. List the prime factors of n.
19
Let b be (-3)/(-24) + 558/16. Suppose 4*w + 161 = 5*k, 4*k + 3*w = 139 - b. List the prime factors of k.
29
Let p(s) = -s**3 - 7*s**2 - 9*s - 7. Let f be p(-7). What are the prime factors of 27/7 - (-8)/f?
2
Suppose -2*x = 4*t - 74, 4*t = 3*x - x - 74. Suppose -x = -3*i - 4. What are the prime factors of i?
11
Let v be ((-3)/(-6))/(3/102). Let y = 38 - v. What are the prime factors of y?
3, 7
Suppose -u - 3*u = 0. Suppose 6 = 3*s, -l - 2*l - s + 38 = u. List the prime factors of l.
2, 3
Let p be (-3)/(-9) + (-2)/6. Suppose y = -t + 6*t + 7, p = -3*y + 5*t + 21. What are the prime factors of y?
7
Let a(h) = h + 1. Let z be a(-1). Suppose 2*c = 4 - 0. Suppose 5*d - c*d - 21 = z. List the prime factors of d.
7
Suppose -b - 9 = 2*b. Let u be (-4 + -1)*1*b. Let l = u - 6. List the prime factors of l.
3
Suppose 3*p = 2*p - 1. Let w(k) = -12*k**3. What are the prime factors of w(p)?
2, 3
Suppose 5*c - 2 = 3*c. Let l(j) = 5*j**2 + j. Let x be l(c). Suppose -80 = 2*h - x*h. List the prime factors of h.
2, 5
List the prime factors of -2 + 21 - (2 + -2).
19
List the prime factors of (4/6)/(2/126).
2, 3, 7
Let c(j) be the third derivative of 7*j**5/20 - j**4/12 + j**3/6 + 3*j**2. What are the prime factors of c(1)?
2, 5
Suppose 3*q = 10 + 5. List the prime factors of q.
5
Let v = 297 + -151. What are the prime factors of v?
2, 73
Let s be ((-15)/6)/(-5)*-42. Let o = s - -63. Suppose 2*d - o = -d. What are the prime factors of d?
2, 7
Let a = -13 - -7. List the prime factors of ((-28)/a)/((-2)/(-6)).
2, 7
Let d = 4 + -4. Suppose d*x + x = 7. Let k = 10 - x. What are the prime factors of k?
3
Let k be (1/3)/((-1)/(-6)). List the prime factors of (1/1)/(k/4).
2
Suppose -1 - 1 = 2*m. Let l be (m/4)/(9/(-36)). What are the prime factors of 13*(0 - l)*-1?
13
Let w(c) = 40*c - 15. List the prime factors of w(5).
5, 37
Let l be ((-7)/(-2))/(1/(-10)). Let v = 71 + l. List the prime factors of v.
2, 3
Suppose 3*k - 3*l = 0, -2*k + k + 5*l = 0. Suppose k = h - 6 + 2. What are the prime factors of h?
2
Let l = 110 - 56. List the prime factors of l.
2, 3
Let w(i) = -i**2 + 8*i - 3. Let k(p) = p**2 - 1. Let g(q) = -2*k(q) - w(q). What are the prime factors of g(-8)?
5
Suppose -2*g + 138 = -74. What are the prime factors of g?
2, 53
Suppose 2*b + 90 = -3*b. Let g = 26 + b. Let w = 1 + g. What are the prime factors of w?
3
Suppose 6*o - 2*o = z + 316, -3*z = 5*o - 412. What are the prime factors of o?
2, 5
Suppose -4*d + 2*d = -44. Let j = d + -14. What are the prime factors of j?
2
Let u be ((-32)/20)/((-2)/5). Suppose 0 = z + 4, -34 + 2 = -u*j - 4*z. Suppose j = 2*k - 22. List the prime factors of k.
17
Let n(d) = d + 42. Let x be n(0). Suppose 5*i - 3 - x = 0. What are the prime factors of i?
3
Let a(f) = -8*f + 16. Let v(s) = -1. Let k(z) = a(z) + 16*v(z). List the prime factors of k(-1).
2
List the prime factors of (-5)/15*-15*(-36)/(-5).
2, 3
Let q be 2/(-9) + (-218)/(-9). What are the prime factors of 126/q*(-16)/(-3)?
2, 7
Let z(b) = b - 3. Let x be z(4). Let w(g) = 8*g**2 - g + 1. List the prime factors of w(x).
2
Let i(u) = -5*u - 9. List the prime factors of i(-14).
61
Let y = -33 + 54. Suppose 4*k - y = -9. Suppose -k*g = 2*g - 55. What are the prime factors of g?
11
Suppose b - 10 - 2 = 5*t, -10 = -2*b + 3*t. Suppose -b*u - 28 = -3*u. Suppose -8 = -4*q + u. List the prime factors of q.
3
Suppose -4*u = -4*z + 268, -2*z - 4*u + 136 = 14. What are the prime factors of z?
5, 13
Suppose -5*z - 6 + 26 = 0. Suppose -x + z*d + 28 = -1, -2*x + 3 = 3*d. What are the prime factors of x?
3
Let i(a) = -3*a + 4. Let f(b) = 3*b - 4. Let o(j) = 6*f(j) + 7*i(j). Let t be o(-3). Suppose -t = -2*y + 1. What are the